26b4
In base 10, what is -132 + 4?
-128
In base 6, what is 5230 + 5?
5235
In base 2, what is -1 - 100100100?
-100100101
In base 16, what is -7d + 5?
-78
In base 9, what is 4 - 7?
-3
In base 7, what is 10013 - -5?
10021
In base 13, what is -21 + 123?
102
In base 9, what is 0 + 111?
111
In base 2, what is 1000001100010110 - 101?
1000001100010001
In base 15, what is -380 + 5?
-37a
In base 2, what is -11000 - -100000100?
11101100
In base 6, what is -2 + -12005?
-12011
In base 16, what is 2 + 149?
14b
In base 6, what is 24 + -1334?
-1310
In base 2, what is -1010010 - -11?
-1001111
In base 16, what is -1 - d5?
-d6
In base 2, what is 110001110 + -10?
110001100
In base 16, what is -57 - 4?
-5b
In base 2, what is -110011100 + -111?
-110100011
In base 7, what is -22053 - 2?
-22055
In base 5, what is 122 + -23?
44
In base 5, what is -130 + -41?
-221
In base 4, what is -103020 + -101?
-103121
In base 2, what is -1 - 11010?
-11011
In base 8, what is -3 + -1041?
-1044
In base 7, what is 504 - -1?
505
In base 5, what is -10 + 1331?
1321
In base 3, what is -11120 - 12?
-11202
In base 4, what is 3 + 203?
212
In base 7, what is -202 - -146?
-23
In base 6, what is -5 - 120?
-125
In base 8, what is 1 + 2037?
2040
In base 4, what is -13312 - -2?
-13310
In base 13, what is 5 - 5b9?
-5b4
In base 15, what is 3 + -1267?
-1264
In base 13, what is 286 - 3?
283
In base 8, what is -2 - 1014?
-1016
In base 15, what is ba - 3?
b7
In base 12, what is -67 - -1?
-66
In base 15, what is -1a6 - 9?
-1b0
In base 16, what is -a - -24?
1a
In base 11, what is 0 - -18?
18
In base 11, what is -a + 608?
5a9
In base 6, what is -3 - 53154?
-53201
In base 6, what is -134 - -43?
-51
In base 15, what is 4e3 - -5?
4e8
In base 10, what is 2 - -139?
141
In base 10, what is 895 + -2?
893
In base 6, what is -31 - -35?
4
In base 11, what is 2651 + -5?
2647
In base 4, what is 1 + -12?
-11
In base 16, what is 26 - 5?
21
In base 8, what is 17 + -13?
4
In base 4, what is 3120 - -11?
3131
In base 2, what is -110 + -11100?
-100010
In base 7, what is -5 - 1652?
-1660
In base 16, what is -c + -9?
-15
In base 9, what is -4 + 41?
36
In base 13, what is -233 + -2?
-235
In base 9, what is -75 + -36?
-122
In base 3, what is -1 + -100?
-101
In base 15, what is -2 - -2b?
29
In base 7, what is 0 - -32?
32
In base 4, what is 2 + -1112?
-1110
In base 13, what is -6 - 311?
-317
In base 13, what is 1 + -69?
-68
In base 14, what is 36 - 3b?
-5
In base 11, what is -6 + 2241?
2236
In base 14, what is 170 + 4?
174
In base 16, what is 0 - 86?
-86
In base 14, what is 4 + 2c?
32
In base 7, what is -300 + -4?
-304
In base 8, what is 16 - 45?
-27
In base 7, what is -16 + -454?
-503
In base 3, what is -202 + 1002?
100
In base 7, what is -106 + -4?
-113
In base 6, what is -31 + -2?
-33
In base 14, what is -3 - 1a1?
-1a4
In base 5, what is 423 + -20?
403
In base 14, what is 0 + -89a?
-89a
In base 12, what is 2a0 + 3?
2a3
In base 6, what is 20 - 420?
-400
In base 5, what is 2 - 10320?
-10313
In base 6, what is 20050 - 3?
20043
In base 5, what is 1313 + 11?
1324
In base 5, what is -3242 + 31?
-3211
In base 16, what is -8 - -1e?
16
In base 5, what is -1423 + 11?
-1412
In base 15, what is 2d - 19?
14
In base 11, what is -311 - -3?
-309
In base 16, what is 2 + -1a?
-18
In base 4, what is -1013 - 10?
-1023
In base 8, what is 2 - -121?
123
In base 8, what is 1017 + 3?
1022
In base 12, what is 3 - -1b?
22
In base 14, what is -17a - 3?
-17d
In base 11, what is -400 - 4?
-404
In base 2, what is 11111 + -11001?
110
In base 16, what is 17 - -1?
18
In base 15, what is -1 - -1388?
1387
In base 4, what is 232 + 1?
233
In base 15, what is 7 - 1a?
-13
In base 11, what is -1 + 59?
58
In base 14, what is 1 - 889?
-888
In base 8, what is -344 - 0?
-344
In base 5, what is 3 - 101344?
-101341
In base 14, what is 34c - -4?
352
In base 14, what is -16 + -4?
-1a
In base 8, what is 3 + -1356?
-1353
In base 14, what is -829 + 3?
-826
In base 11, what is -2 - -24?
22
In base 4, what is 21012 - -1?
21013
In base 8, what is -15 - -43?
26
In base 6, what is 332 + 4?
340
In base 9, what is 872 - 2?
870
In base 9, what is 1 - 3?
-2
In base 10, what is -905 + 10?
-895
In base 12, what is -226 - -4?
-222
In base 9, what is 225 - -72?
307
In base 10, what is -478 - 5?
-483
In base 9, what is 61 + -1?
60
In base 13, what is 3 - 50?
-4a
In base 14, what is d + -a?
3
In base 3, what is -110 - 12?
-122
In base 15, what is 88 + -9?
7e
In base 11, what is 6 - 358?
-352
In base 15, what is 696 - 0?
696
In base 10, what is -28 - -6?
-22
In base 2, what is 11 - 111101?
-111010
In base 8, what is 1 - 1055?
-1054
In base 5, what is 0 - 131?
-131
In base 5, what is -2 - 14001?
-14003
In base 10, what is 5 + -11?
-6
In base 8, what is 640 + 61?
721
In base 14, what is -1d3 - -5?
-1cc
In base 11, what is 5 + -a16?
-a11
In base 5, what is 2031 + -10?
2021
In base 5, what is -4 - -233?
224
In base 13, what is 0 + -2a21?
-2a21
In base 3, what is -12201 - -1102?
-11022
In base 14, what is -3d - -1?
-3c
In base 6, what is 1 + -14?
-13
In base 13, what is 175 + 4?
179
In base 9, what is 56 + -17?
38
In base 4, what is -101 - -131?
30
In base 6, what is 122 + -145?
-23
In base 4, what is 1002 - -12?
1020
In base 2, what is 110 - -11101?
100011
In base 8, what is 2555 + -4?
2551
In base 16, what is -dc - 9?
-e5
In base 16, what is 3 - 9?
-6
In base 16, what is 10b0 + -4?
10ac
In base 9, what is -3 - 5?
-8
In base 8, what is -4 - -24?
20
In base 16, what is -1b - f?
-2a
In base 9, what is -637 + -4?
-642
In base 5, what is 430 + 40?
1020
In base 12, what is -3 + 1040?
1039
In base 5, what is -131003 + -2?
-131010
In base 5, what is 111 - 210?
-44
In base 15, what is -22 + -3d?
-60
In base 9, what is -2070 - 0?
-2070
In base 2, what is 1 - 101011?
-101010
In base 4, what is -21 - -3030?
3003
In base 5, what is 21 - 0?
21
In base 6, what is 10 + 3?
13
In base 4, what is 21 + -1310?
-1223
In base 10, what is 3 + 3233?
3236
In base 3, what is -22 + 1100?
1001
In base 16, what is -2 + -bc?
-be
In base 9, what is -3 - -5347?
5344
In base 10, what is -166 + 4?
-162
In base 10, what is -658 - -5?
-653
In base 13, what is 3 - 343?
-340
In base 7, what is 3 - -6626?
6632
In base 5, what is -43 - 0?
-43
In base 12, what is 75 + -4?
71
In base 12, what is -287 + 31?
-256
In base 13, what is -5 - 296?
-29b
In base 10, what is 3052 - 1?
3051
In base 12, what is -77b - -2?
-779
In base 9, what is -5 - -3373?
3367
In base 11, what is 0 - -66?
66
In base 12, what is -5 - -401?
3b8
In base 10, what is 0 + 4?
4
In base 16, what is c98 - 0?
c98
In base 15, what is -10 - 121?
-131
In base 6, what is -2 - 250?
-252
In base 15, what is -4a + 5?
-45
In base 11, what is 0 + -2?
-2
In base 10, what is 5 + 47?
52
In base 3, what is -20222 - -201?
-20021
In base 3, what is 121 - -202?
1100
In base 11, what is -2 - -3?
1
In base 12, what is -4 + -19b?
-1a3
In base 7, what is -5 - 60?
-65
In base 11, what is 7 + -11?
-5
In base 3, what is 10201 - 1102?
2022
In base 16, what is 32 - -2e?
60
In base 7, what is -20 - 2?
-22
In base 6, what is -5 + -32?
-41
In base 4, what is 1031 - 10?
1021
In base 12, what is 4 - 202?
-1ba
In base 14, what is 3 + -7cc?
-7c9
In base 8, what is 4 - -542?
546
In base 16, what is -3 - -2?
-1
In base 14, what is -6 - -d9?
d3
In base 13, what is 3 + ca8?
cab
In base 4, what is 13021 - 11?
13010
In base 3, what is -100121021 - 11?
-100121102
In base 12, what is -6 - 2278?
-2282
In base 15, what is 4e - bc?
-6d
In base 7, what is 264 + -2?
262
In base 13, what is 5 + b0a?
b12
In base 13, what is 220 - -1?
221
In base 11, what is 11 + -13?
-2
In base 14, what is 349a + 2?
349c
In base 12, what is 105b + 5?
1064
In base 11, what is -4 - -1079?
1075
In base 13, what is 63 - 26?
3a
In base 11, what is -5 - -2228?
2223
In base 12, what is -3 - 224?
-227
In base 4, what is 230 - -223?
1113
In base 14, what is 8dc - -4?
902
In base 4, what is 310 + -123?
121
In base 5, what is 24123 - 3?
24120
In base 7, what is -3 - -13?
10
In base 12, what is -5 - 161?
-166
In base 14, what is 1 - -260?
261
In base 15, what is 4 - 6?
-2
In base 5, what is 142 - -11?
203
In base 8, what is 47 + -4?
43
In base 6, what is 3 + -110?
-103
In base 5, what is 123 + -213?
-40
In base 7, what is 12 - -52?
64
In base 8